is divided by 120.
37
What is the remainder when 175372 is divided by 147?
1
What is the remainder when 2900 is divided by 420?
380
Calculate the remainder when 11606 is divided by 610.
16
What is the remainder when 1636 is divided by 6?
4
Calculate the remainder when 22026 is divided by 306.
300
Calculate the remainder when 8091 is divided by 1592.
131
Calculate the remainder when 16870 is divided by 26.
22
What is the remainder when 4478 is divided by 919?
802
What is the remainder when 9227 is divided by 210?
197
What is the remainder when 10256 is divided by 214?
198
What is the remainder when 10107 is divided by 63?
27
What is the remainder when 10140 is divided by 149?
8
Calculate the remainder when 22088 is divided by 5520.
8
Calculate the remainder when 58812 is divided by 1132.
1080
What is the remainder when 126528 is divided by 63240?
48
What is the remainder when 804839 is divided by 804818?
21
Calculate the remainder when 190274 is divided by 63418.
20
What is the remainder when 2186 is divided by 242?
8
Calculate the remainder when 29673 is divided by 209.
204
What is the remainder when 1589 is divided by 525?
14
What is the remainder when 19981 is divided by 426?
385
Calculate the remainder when 3643 is divided by 906.
19
What is the remainder when 16525 is divided by 105?
40
What is the remainder when 793237 is divided by 66103?
1
Calculate the remainder when 1572509 is divided by 129.
128
Calculate the remainder when 10490 is divided by 1309.
18
Calculate the remainder when 664447 is divided by 29.
28
Calculate the remainder when 25090 is divided by 628.
598
Calculate the remainder when 133973 is divided by 348.
341
Calculate the remainder when 28724 is divided by 14361.
2
What is the remainder when 15406 is divided by 5128?
22
Calculate the remainder when 22720 is divided by 583.
566
Calculate the remainder when 6847 is divided by 15.
7
What is the remainder when 133235 is divided by 663?
635
Calculate the remainder when 7319 is divided by 7319.
0
What is the remainder when 14605 is divided by 228?
13
Calculate the remainder when 26905 is divided by 6671.
221
Calculate the remainder when 33973 is divided by 55.
38
Calculate the remainder when 1290 is divided by 604.
82
What is the remainder when 7576 is divided by 304?
280
What is the remainder when 1982 is divided by 892?
198
What is the remainder when 5956 is divided by 488?
100
Calculate the remainder when 14436 is divided by 157.
149
Calculate the remainder when 1057 is divided by 714.
343
What is the remainder when 2488 is divided by 32?
24
What is the remainder when 37462 is divided by 21?
19
What is the remainder when 21061 is divided by 319?
7
Calculate the remainder when 21549 is divided by 317.
310
Calculate the remainder when 4798 is divided by 26.
14
What is the remainder when 116681 is divided by 3646?
9
Calculate the remainder when 35289 is divided by 11741.
66
Calculate the remainder when 13618 is divided by 8.
2
What is the remainder when 11207 is divided by 133?
35
Calculate the remainder when 6850 is divided by 51.
16
What is the remainder when 4273 is divided by 854?
3
Calculate the remainder when 4894 is divided by 467.
224
What is the remainder when 41674 is divided by 1259?
127
Calculate the remainder when 1134195 is divided by 262.
259
Calculate the remainder when 26529 is divided by 305.
299
What is the remainder when 933 is divided by 345?
243
Calculate the remainder when 2577 is divided by 86.
83
Calculate the remainder when 573666 is divided by 746.
738
What is the remainder when 32258 is divided by 10750?
8
Calculate the remainder when 596747 is divided by 4.
3
What is the remainder when 3492 is divided by 1149?
45
What is the remainder when 9227 is divided by 4516?
195
What is the remainder when 12234 is divided by 408?
402
What is the remainder when 112299 is divided by 367?
364
What is the remainder when 6613 is divided by 1573?
321
What is the remainder when 5036008 is divided by 21?
19
What is the remainder when 6211 is divided by 2723?
765
What is the remainder when 421997 is divided by 23?
16
Calculate the remainder when 6738857 is divided by 677.
676
Calculate the remainder when 6367 is divided by 1590.
7
Calculate the remainder when 335483 is divided by 111827.
2
Calculate the remainder when 63182 is divided by 80.
62
Calculate the remainder when 8857405 is divided by 1088.
1085
Calculate the remainder when 1438629 is divided by 52.
49
What is the remainder when 49269 is divided by 49261?
8
What is the remainder when 158288 is divided by 5276?
8
What is the remainder when 45567 is divided by 1046?
589
Calculate the remainder when 11508 is divided by 459.
33
What is the remainder when 19311 is divided by 17?
16
What is the remainder when 75153 is divided by 37570?
13
Calculate the remainder when 7927168 is divided by 49.
46
Calculate the remainder when 4777 is divided by 127.
78
What is the remainder when 39706 is divided by 19719?
268
Calculate the remainder when 8943 is divided by 110.
33
Calculate the remainder when 12721 is divided by 122.
33
What is the remainder when 1258 is divided by 209?
4
What is the remainder when 28416 is divided by 15?
6
Calculate the remainder when 71578 is divided by 477.
28
Calculate the remainder when 27072 is divided by 101.
4
What is the remainder when 2449 is divided by 313?
258
What is the remainder when 17446 is divided by 286?
0
Calculate the remainder when 5965 is divided by 225.
115
Calculate the remainder when 139593 is divided by 14.
13
What is the remainder when 6117 is divided by 3047?
23
Calculate the remainder when 7709 is divided by 157.
16
What is the remainder when 11821 is divided by 73?
68
Calculate the remainder when 101 is divided by 63.
38
Calculate the remainder when 7117 is divided by 114.
49
What is the remainder when 44019 is divided by 219?
0
Calculate the remainder when 1822 is divided by 53.
20
What is the remainder when 101949 is divided by 25484?
13
What is the remainder when 4438 is divided by 148?
146
What is the remainder when 15976 is divided by 216?
208
Calculate the remainder when 254407 is divided by 196.
195
Calculate the remainder when 102961 is divided by 1000.
961
What is the remainder when 1467 is divided by 226?
111
Calculate the remainder when 4104 is divided by 381.
294
What is the remainder when 5431068 is divided by 1433?
1431
Calculate the remainder when 209095 is divided by 14.
5
What is the remainder when 450 is divided by 219?
12
Calculate the remainder when 9136 is divided by 1416.
640
What is the remainder when 17002 is divided by 26?
24
What is the remainder when 3263 is divided by 404?
31
What is the remainder when 285099 is divided by 10?
9
What is the remainder when 682 is divided by 182?
136
Calculate the remainder when 24094 is divided by 27.
10
What is the remainder when 29171 is divided by 34?
33
Calculate the remainder when 363317 is divided by 90.
77
What is the remainder when 263437 is divided by 98?
13
Calculate the remainder when 219105 is divided by 136.
9
Calculate the remainder when 67501 is divided by 23.
19
Calculate the remainder when 87893 is divided by 25.
18
Calculate the remainder when 8314 is divided by 126.
124
Calculate the remainder when 53738 is divided by 26857.
24
Calculate the remainder when 4920 is divided by 50.
20
What is the remainder when 65833 is divided by 57?
55
Calculate the remainder when 3079 is divided by 217.
41
Calculate the remainder when 603012 is divided by 46.
44
Calculate the remainder when 9005 is divided by 8975.
30
Calculate the remainder when 18155 is divided by 267.
266
Calculate the remainder when 6739 is divided by 2242.
13
Calculate the remainder when 6388515 is divided by 1180.
1175
Calculate the remainder when 6782 is divided by 2257.
11
Calculate the remainder when 1712560 is divided by 131.
128
Calculate the remainder when 315024 is divided by 1567.
57
What is the remainder when 178219 is divided by 109?
4
Calculate the remainder when 173865 is divided by 276.
261
What is the remainder when 7213 is divided by 608?
525
Calculate the remainder when 611698 is divided by 21093.
1
Calculate the remainder when 2399 is divided by 501.
395
Calculate the remainder when 1917 is divided by 1695.
222